{"id":19,"date":"2025-05-10T16:53:28","date_gmt":"2025-05-10T16:53:28","guid":{"rendered":"https:\/\/laurapalonen.fi\/?page_id=19"},"modified":"2025-11-06T12:59:46","modified_gmt":"2025-11-06T12:59:46","slug":"laura","status":"publish","type":"page","link":"https:\/\/laurapalonen.fi\/index.php\/laura\/","title":{"rendered":"Laura"},"content":{"rendered":"<style>.elementor-19 .elementor-element.elementor-element-d5fe24b{--display:flex;--flex-direction:row;--container-widget-width:initial;--container-widget-height:100%;--container-widget-flex-grow:1;--container-widget-align-self:stretch;--flex-wrap-mobile:wrap;--gap:0px 0px;--row-gap:0px;--column-gap:0px;}.elementor-widget-image .widget-image-caption{color:var( --e-global-color-text );font-family:var( --e-global-typography-text-font-family ), Sans-serif;font-weight:var( --e-global-typography-text-font-weight );}.elementor-19 .elementor-element.elementor-element-54b3538{text-align:center;}.elementor-19 .elementor-element.elementor-element-54b3538 img{width:93%;max-width:99%;height:303px;object-fit:contain;object-position:center center;box-shadow:0px 0px 10px 0px rgba(0,0,0,0.5);}.elementor-19 .elementor-element.elementor-element-3754bfb{--display:flex;}.elementor-widget-text-editor{font-family:var( --e-global-typography-text-font-family ), Sans-serif;font-weight:var( --e-global-typography-text-font-weight );color:var( --e-global-color-text );}.elementor-widget-text-editor.elementor-drop-cap-view-stacked .elementor-drop-cap{background-color:var( --e-global-color-primary );}.elementor-widget-text-editor.elementor-drop-cap-view-framed .elementor-drop-cap, .elementor-widget-text-editor.elementor-drop-cap-view-default .elementor-drop-cap{color:var( --e-global-color-primary );border-color:var( --e-global-color-primary );}.elementor-19 .elementor-element.elementor-element-0b56ac3{--display:flex;}<\/style>\t\t<div data-elementor-type=\"wp-page\" data-elementor-id=\"19\" class=\"elementor elementor-19\">\n\t\t\t\t<div class=\"elementor-element elementor-element-d5fe24b e-flex e-con-boxed e-con e-parent\" data-id=\"d5fe24b\" data-element_type=\"container\">\n\t\t\t\t\t<div class=\"e-con-inner\">\n\t\t\t\t<div class=\"elementor-element elementor-element-54b3538 elementor-widget elementor-widget-image\" data-id=\"54b3538\" data-element_type=\"widget\" data-widget_type=\"image.default\">\n\t\t\t\t<div class=\"elementor-widget-container\">\n\t\t\t\t\t\t\t\t\t\t\t\t\t\t\t<img decoding=\"async\" src=\"https:\/\/laurapalonen.fi\/wp-content\/uploads\/elementor\/thumbs\/Heartful_Yoga_Teacher_Nava__MG_2868_2400px_144dpi_sRGB_web-reb3o8xkgknlk5u950be4mgj74mb4j8zupmh0czslk.jpg\" title=\"Lempeyden jooga -opettajakoulutus \u2013 NAVA\" alt=\"Lempeyden jooga, joogaopettaja, joogaopettajakoulutus, Heartful Yoga, Heartful Yoga Academy, Kaisa K\u00e4rkk\u00e4inen, valokuvaaja Maria K\u00e4rkk\u00e4inen, joogakuvaus, henkil\u00f6kuvaus, milj\u00f6\u00f6kuvaus, lifestylekuvaus, hyvinvointi, jooga, valokuvaus\" loading=\"lazy\" \/>\t\t\t\t\t\t\t\t\t\t\t\t\t\t\t<\/div>\n\t\t\t\t<\/div>\n\t\t\t\t\t<\/div>\n\t\t\t\t<\/div>\n\t\t<div class=\"elementor-element elementor-element-3754bfb e-flex e-con-boxed e-con e-parent\" data-id=\"3754bfb\" data-element_type=\"container\">\n\t\t\t\t\t<div class=\"e-con-inner\">\n\t\t\t\t<div class=\"elementor-element elementor-element-41f0ac3 elementor-widget elementor-widget-text-editor\" data-id=\"41f0ac3\" data-element_type=\"widget\" data-widget_type=\"text-editor.default\">\n\t\t\t\t<div class=\"elementor-widget-container\">\n\t\t\t\t\t\t\t\t\t<div class=\"xdj266r x11i5rnm xat24cr x1mh8g0r x1vvkbs x126k92a\">\n<div dir=\"auto\">Hei,<\/div>\n<div dir=\"auto\">Olen Diplomitunnevy\u00f6hyketerapeutti\u00ae Laura Palonen, ja olen erikoistunut vauvojen ja odottajien hoitoon. <span class=\"html-span xexx8yu x4uap5 x18d9i69 xkhd6sd x1hl2dhg x16tdsg8 x1vvkbs x3nfvp2 x1j61x8r x1fcty0u xdj266r xat24cr xgzva0m xhhsvwb xxymvpz xlup9mm x1kky2od\"><img decoding=\"async\" class=\"xz74otr x168nmei x13lgxp2 x5pf9jr xo71vjh\" src=\"https:\/\/static.xx.fbcdn.net\/images\/emoji.php\/v9\/te9\/1\/16\/1f496.png\" alt=\"\ud83d\udc96\" width=\"16\" height=\"16\"><\/span><\/div>\n<div dir=\"auto\">Olen hoitanut odottajia ja vauvoja vuodesta 2018 l\u00e4htien ja saanut vuosien varrella lis\u00e4oppia vauvojen ja odottajien vy\u00f6hyketerapiaan sek\u00e4 synnytykseen valmistavaan\/k\u00e4ynnist\u00e4v\u00e4\u00e4n hoitoon. Valmistuin 2024 elokuussa BabyBalance\u00ae hoitajaksi ja se on antanut paljon lis\u00e4ty\u00f6kaluja vauvojen hoitoon.<\/div>\n<\/div>\n<div class=\"x11i5rnm xat24cr x1mh8g0r x1vvkbs xtlvy1s x126k92a\">\n<div dir=\"auto\">Teen tunnevy\u00f6hyketerapiaa, oireenmukaista modernia vy\u00f6hyketerapiaa ja rentouttavaa vy\u00f6hyketerapiaa, hoidan lapsia (mm. unih\u00e4iri\u00f6t, levottomuus, kasvukivut, vatsavaivat kuten ummetus) mutta vauvat ja odottajat ovat ottaneet isoa osaa hoitop\u00e4ivist\u00e4ni. Vauvojen ja odottajien hoidosta on tullut tosi t\u00e4rke\u00e4\u00e4 itselleni, vaikutus on niin laaja-alaista (koko perheen hyvinvointi, vauvan hoidon vaikutus my\u00f6hemp\u00e4\u00e4n el\u00e4m\u00e4\u00e4n jne). <span class=\"html-span xexx8yu x4uap5 x18d9i69 xkhd6sd x1hl2dhg x16tdsg8 x1vvkbs x3nfvp2 x1j61x8r x1fcty0u xdj266r xat24cr xgzva0m xhhsvwb xxymvpz xlup9mm x1kky2od\"><img decoding=\"async\" class=\"xz74otr x168nmei x13lgxp2 x5pf9jr xo71vjh\" src=\"https:\/\/static.xx.fbcdn.net\/images\/emoji.php\/v9\/te9\/1\/16\/1f496.png\" alt=\"\ud83d\udc96\" width=\"16\" height=\"16\"><\/span><\/div>\n<\/div>\n<div class=\"x11i5rnm xat24cr x1mh8g0r x1vvkbs xtlvy1s x126k92a\">\n<div dir=\"auto\">Yritykseni Feeling Me toimii Hyvinvointikeskus Extensiassa (Alhaistentie 15, 21200 Raisio).&nbsp;<\/div><div dir=\"auto\">Tervetuloa hoitooni! <span class=\"html-span xexx8yu x4uap5 x18d9i69 xkhd6sd x1hl2dhg x16tdsg8 x1vvkbs x3nfvp2 x1j61x8r x1fcty0u xdj266r xat24cr xgzva0m xhhsvwb xxymvpz xlup9mm x1kky2od\"><img decoding=\"async\" class=\"xz74otr x168nmei x13lgxp2 x5pf9jr xo71vjh\" src=\"https:\/\/static.xx.fbcdn.net\/images\/emoji.php\/v9\/te9\/1\/16\/1f496.png\" alt=\"\ud83d\udc96\" width=\"16\" height=\"16\"><\/span><\/div>\n<\/div>\t\t\t\t\t\t\t\t<\/div>\n\t\t\t\t<\/div>\n\t\t\t\t\t<\/div>\n\t\t\t\t<\/div>\n\t\t<div class=\"elementor-element elementor-element-0b56ac3 e-flex e-con-boxed e-con e-parent\" data-id=\"0b56ac3\" data-element_type=\"container\">\n\t\t\t\t\t<div class=\"e-con-inner\">\n\t\t\t\t\t<\/div>\n\t\t\t\t<\/div>\n\t\t\t\t<\/div>\n\t\t","protected":false},"excerpt":{"rendered":"<p>Hei, Olen Diplomitunnevy\u00f6hyketerapeutti\u00ae Laura Palonen, ja olen erikoistunut vauvojen ja odottajien hoitoon. Olen hoitanut odottajia ja vauvoja vuodesta 2018 l\u00e4htien ja saanut vuosien varrella lis\u00e4oppia vauvojen ja odottajien vy\u00f6hyketerapiaan sek\u00e4 synnytykseen valmistavaan\/k\u00e4ynnist\u00e4v\u00e4\u00e4n hoitoon. Valmistuin 2024 elokuussa BabyBalance\u00ae hoitajaksi ja se on antanut paljon lis\u00e4ty\u00f6kaluja vauvojen hoitoon. Teen tunnevy\u00f6hyketerapiaa, oireenmukaista modernia vy\u00f6hyketerapiaa ja rentouttavaa vy\u00f6hyketerapiaa, hoidan [&hellip;]<\/p>\n","protected":false},"author":1,"featured_media":0,"parent":0,"menu_order":0,"comment_status":"closed","ping_status":"closed","template":"","meta":{"footnotes":""},"class_list":["post-19","page","type-page","status-publish","hentry"],"yoast_head":"<!-- This site is optimized with the Yoast SEO plugin v26.4 - https:\/\/yoast.com\/wordpress\/plugins\/seo\/ -->\n<title>Laura - Laura Palonen - Feeling Me<\/title>\n<meta name=\"robots\" content=\"index, follow, max-snippet:-1, max-image-preview:large, max-video-preview:-1\" \/>\n<link rel=\"canonical\" href=\"https:\/\/laurapalonen.fi\/index.php\/laura\/\" \/>\n<meta property=\"og:locale\" content=\"fi_FI\" \/>\n<meta property=\"og:type\" content=\"article\" \/>\n<meta property=\"og:title\" content=\"Laura - Laura Palonen - Feeling Me\" \/>\n<meta property=\"og:description\" content=\"Hei, Olen Diplomitunnevy\u00f6hyketerapeutti\u00ae Laura Palonen, ja olen erikoistunut vauvojen ja odottajien hoitoon. Olen hoitanut odottajia ja vauvoja vuodesta 2018 l\u00e4htien ja saanut vuosien varrella lis\u00e4oppia vauvojen ja odottajien vy\u00f6hyketerapiaan sek\u00e4 synnytykseen valmistavaan\/k\u00e4ynnist\u00e4v\u00e4\u00e4n hoitoon. Valmistuin 2024 elokuussa BabyBalance\u00ae hoitajaksi ja se on antanut paljon lis\u00e4ty\u00f6kaluja vauvojen hoitoon. Teen tunnevy\u00f6hyketerapiaa, oireenmukaista modernia vy\u00f6hyketerapiaa ja rentouttavaa vy\u00f6hyketerapiaa, hoidan [&hellip;]\" \/>\n<meta property=\"og:url\" content=\"https:\/\/laurapalonen.fi\/index.php\/laura\/\" \/>\n<meta property=\"og:site_name\" content=\"Laura Palonen - Feeling Me\" \/>\n<meta property=\"article:modified_time\" content=\"2025-11-06T12:59:46+00:00\" \/>\n<meta property=\"og:image\" content=\"https:\/\/laurapalonen.fi\/wp-content\/uploads\/elementor\/thumbs\/Heartful_Yoga_Teacher_Nava__MG_2868_2400px_144dpi_sRGB_web-reb3o8xkgknlk5u950be4mgj74mb4j8zupmh0czslk.jpg\" \/>\n<meta name=\"twitter:card\" content=\"summary_large_image\" \/>\n<meta name=\"twitter:label1\" content=\"Arvioitu lukuaika\" \/>\n\t<meta name=\"twitter:data1\" content=\"2 minuuttia\" \/>\n<script type=\"application\/ld+json\" class=\"yoast-schema-graph\">{\"@context\":\"https:\/\/schema.org\",\"@graph\":[{\"@type\":\"WebPage\",\"@id\":\"https:\/\/laurapalonen.fi\/index.php\/laura\/\",\"url\":\"https:\/\/laurapalonen.fi\/index.php\/laura\/\",\"name\":\"Laura - Laura Palonen - Feeling Me\",\"isPartOf\":{\"@id\":\"https:\/\/laurapalonen.fi\/#website\"},\"primaryImageOfPage\":{\"@id\":\"https:\/\/laurapalonen.fi\/index.php\/laura\/#primaryimage\"},\"image\":{\"@id\":\"https:\/\/laurapalonen.fi\/index.php\/laura\/#primaryimage\"},\"thumbnailUrl\":\"https:\/\/laurapalonen.fi\/wp-content\/uploads\/elementor\/thumbs\/Heartful_Yoga_Teacher_Nava__MG_2868_2400px_144dpi_sRGB_web-reb3o8xkgknlk5u950be4mgj74mb4j8zupmh0czslk.jpg\",\"datePublished\":\"2025-05-10T16:53:28+00:00\",\"dateModified\":\"2025-11-06T12:59:46+00:00\",\"breadcrumb\":{\"@id\":\"https:\/\/laurapalonen.fi\/index.php\/laura\/#breadcrumb\"},\"inLanguage\":\"fi\",\"potentialAction\":[{\"@type\":\"ReadAction\",\"target\":[\"https:\/\/laurapalonen.fi\/index.php\/laura\/\"]}]},{\"@type\":\"ImageObject\",\"inLanguage\":\"fi\",\"@id\":\"https:\/\/laurapalonen.fi\/index.php\/laura\/#primaryimage\",\"url\":\"https:\/\/laurapalonen.fi\/wp-content\/uploads\/elementor\/thumbs\/Heartful_Yoga_Teacher_Nava__MG_2868_2400px_144dpi_sRGB_web-reb3o8xkgknlk5u950be4mgj74mb4j8zupmh0czslk.jpg\",\"contentUrl\":\"https:\/\/laurapalonen.fi\/wp-content\/uploads\/elementor\/thumbs\/Heartful_Yoga_Teacher_Nava__MG_2868_2400px_144dpi_sRGB_web-reb3o8xkgknlk5u950be4mgj74mb4j8zupmh0czslk.jpg\"},{\"@type\":\"BreadcrumbList\",\"@id\":\"https:\/\/laurapalonen.fi\/index.php\/laura\/#breadcrumb\",\"itemListElement\":[{\"@type\":\"ListItem\",\"position\":1,\"name\":\"Home\",\"item\":\"https:\/\/laurapalonen.fi\/\"},{\"@type\":\"ListItem\",\"position\":2,\"name\":\"Laura\"}]},{\"@type\":\"WebSite\",\"@id\":\"https:\/\/laurapalonen.fi\/#website\",\"url\":\"https:\/\/laurapalonen.fi\/\",\"name\":\"Laura Palonen - Feeling Me\",\"description\":\"Tunnevy\u00f6hyketerapia, vy\u00f6hyketerapia, odottavan \u00e4idin monipuoliset palvelut | Varsinais-Suomi, Raisio\",\"publisher\":{\"@id\":\"https:\/\/laurapalonen.fi\/#organization\"},\"potentialAction\":[{\"@type\":\"SearchAction\",\"target\":{\"@type\":\"EntryPoint\",\"urlTemplate\":\"https:\/\/laurapalonen.fi\/?s={search_term_string}\"},\"query-input\":{\"@type\":\"PropertyValueSpecification\",\"valueRequired\":true,\"valueName\":\"search_term_string\"}}],\"inLanguage\":\"fi\"},{\"@type\":\"Organization\",\"@id\":\"https:\/\/laurapalonen.fi\/#organization\",\"name\":\"Laura Palonen - Feeling Me\",\"url\":\"https:\/\/laurapalonen.fi\/\",\"logo\":{\"@type\":\"ImageObject\",\"inLanguage\":\"fi\",\"@id\":\"https:\/\/laurapalonen.fi\/#\/schema\/logo\/image\/\",\"url\":\"https:\/\/laurapalonen.fi\/wp-content\/uploads\/2025\/05\/cropped-Laura-Palonen-Feeling-Me-taustaton-kapea-musta-scaled-1.png\",\"contentUrl\":\"https:\/\/laurapalonen.fi\/wp-content\/uploads\/2025\/05\/cropped-Laura-Palonen-Feeling-Me-taustaton-kapea-musta-scaled-1.png\",\"width\":2560,\"height\":669,\"caption\":\"Laura Palonen - Feeling Me\"},\"image\":{\"@id\":\"https:\/\/laurapalonen.fi\/#\/schema\/logo\/image\/\"}}]}<\/script>\n<!-- \/ Yoast SEO plugin. -->","yoast_head_json":{"title":"Laura - Laura Palonen - Feeling Me","robots":{"index":"index","follow":"follow","max-snippet":"max-snippet:-1","max-image-preview":"max-image-preview:large","max-video-preview":"max-video-preview:-1"},"canonical":"https:\/\/laurapalonen.fi\/index.php\/laura\/","og_locale":"fi_FI","og_type":"article","og_title":"Laura - Laura Palonen - Feeling Me","og_description":"Hei, Olen Diplomitunnevy\u00f6hyketerapeutti\u00ae Laura Palonen, ja olen erikoistunut vauvojen ja odottajien hoitoon. Olen hoitanut odottajia ja vauvoja vuodesta 2018 l\u00e4htien ja saanut vuosien varrella lis\u00e4oppia vauvojen ja odottajien vy\u00f6hyketerapiaan sek\u00e4 synnytykseen valmistavaan\/k\u00e4ynnist\u00e4v\u00e4\u00e4n hoitoon. Valmistuin 2024 elokuussa BabyBalance\u00ae hoitajaksi ja se on antanut paljon lis\u00e4ty\u00f6kaluja vauvojen hoitoon. Teen tunnevy\u00f6hyketerapiaa, oireenmukaista modernia vy\u00f6hyketerapiaa ja rentouttavaa vy\u00f6hyketerapiaa, hoidan [&hellip;]","og_url":"https:\/\/laurapalonen.fi\/index.php\/laura\/","og_site_name":"Laura Palonen - Feeling Me","article_modified_time":"2025-11-06T12:59:46+00:00","og_image":[{"url":"https:\/\/laurapalonen.fi\/wp-content\/uploads\/elementor\/thumbs\/Heartful_Yoga_Teacher_Nava__MG_2868_2400px_144dpi_sRGB_web-reb3o8xkgknlk5u950be4mgj74mb4j8zupmh0czslk.jpg","type":"","width":"","height":""}],"twitter_card":"summary_large_image","twitter_misc":{"Arvioitu lukuaika":"2 minuuttia"},"schema":{"@context":"https:\/\/schema.org","@graph":[{"@type":"WebPage","@id":"https:\/\/laurapalonen.fi\/index.php\/laura\/","url":"https:\/\/laurapalonen.fi\/index.php\/laura\/","name":"Laura - Laura Palonen - Feeling Me","isPartOf":{"@id":"https:\/\/laurapalonen.fi\/#website"},"primaryImageOfPage":{"@id":"https:\/\/laurapalonen.fi\/index.php\/laura\/#primaryimage"},"image":{"@id":"https:\/\/laurapalonen.fi\/index.php\/laura\/#primaryimage"},"thumbnailUrl":"https:\/\/laurapalonen.fi\/wp-content\/uploads\/elementor\/thumbs\/Heartful_Yoga_Teacher_Nava__MG_2868_2400px_144dpi_sRGB_web-reb3o8xkgknlk5u950be4mgj74mb4j8zupmh0czslk.jpg","datePublished":"2025-05-10T16:53:28+00:00","dateModified":"2025-11-06T12:59:46+00:00","breadcrumb":{"@id":"https:\/\/laurapalonen.fi\/index.php\/laura\/#breadcrumb"},"inLanguage":"fi","potentialAction":[{"@type":"ReadAction","target":["https:\/\/laurapalonen.fi\/index.php\/laura\/"]}]},{"@type":"ImageObject","inLanguage":"fi","@id":"https:\/\/laurapalonen.fi\/index.php\/laura\/#primaryimage","url":"https:\/\/laurapalonen.fi\/wp-content\/uploads\/elementor\/thumbs\/Heartful_Yoga_Teacher_Nava__MG_2868_2400px_144dpi_sRGB_web-reb3o8xkgknlk5u950be4mgj74mb4j8zupmh0czslk.jpg","contentUrl":"https:\/\/laurapalonen.fi\/wp-content\/uploads\/elementor\/thumbs\/Heartful_Yoga_Teacher_Nava__MG_2868_2400px_144dpi_sRGB_web-reb3o8xkgknlk5u950be4mgj74mb4j8zupmh0czslk.jpg"},{"@type":"BreadcrumbList","@id":"https:\/\/laurapalonen.fi\/index.php\/laura\/#breadcrumb","itemListElement":[{"@type":"ListItem","position":1,"name":"Home","item":"https:\/\/laurapalonen.fi\/"},{"@type":"ListItem","position":2,"name":"Laura"}]},{"@type":"WebSite","@id":"https:\/\/laurapalonen.fi\/#website","url":"https:\/\/laurapalonen.fi\/","name":"Laura Palonen - Feeling Me","description":"Tunnevy\u00f6hyketerapia, vy\u00f6hyketerapia, odottavan \u00e4idin monipuoliset palvelut | Varsinais-Suomi, Raisio","publisher":{"@id":"https:\/\/laurapalonen.fi\/#organization"},"potentialAction":[{"@type":"SearchAction","target":{"@type":"EntryPoint","urlTemplate":"https:\/\/laurapalonen.fi\/?s={search_term_string}"},"query-input":{"@type":"PropertyValueSpecification","valueRequired":true,"valueName":"search_term_string"}}],"inLanguage":"fi"},{"@type":"Organization","@id":"https:\/\/laurapalonen.fi\/#organization","name":"Laura Palonen - Feeling Me","url":"https:\/\/laurapalonen.fi\/","logo":{"@type":"ImageObject","inLanguage":"fi","@id":"https:\/\/laurapalonen.fi\/#\/schema\/logo\/image\/","url":"https:\/\/laurapalonen.fi\/wp-content\/uploads\/2025\/05\/cropped-Laura-Palonen-Feeling-Me-taustaton-kapea-musta-scaled-1.png","contentUrl":"https:\/\/laurapalonen.fi\/wp-content\/uploads\/2025\/05\/cropped-Laura-Palonen-Feeling-Me-taustaton-kapea-musta-scaled-1.png","width":2560,"height":669,"caption":"Laura Palonen - Feeling Me"},"image":{"@id":"https:\/\/laurapalonen.fi\/#\/schema\/logo\/image\/"}}]}},"_links":{"self":[{"href":"https:\/\/laurapalonen.fi\/index.php\/wp-json\/wp\/v2\/pages\/19","targetHints":{"allow":["GET"]}}],"collection":[{"href":"https:\/\/laurapalonen.fi\/index.php\/wp-json\/wp\/v2\/pages"}],"about":[{"href":"https:\/\/laurapalonen.fi\/index.php\/wp-json\/wp\/v2\/types\/page"}],"author":[{"embeddable":true,"href":"https:\/\/laurapalonen.fi\/index.php\/wp-json\/wp\/v2\/users\/1"}],"replies":[{"embeddable":true,"href":"https:\/\/laurapalonen.fi\/index.php\/wp-json\/wp\/v2\/comments?post=19"}],"version-history":[{"count":7,"href":"https:\/\/laurapalonen.fi\/index.php\/wp-json\/wp\/v2\/pages\/19\/revisions"}],"predecessor-version":[{"id":374,"href":"https:\/\/laurapalonen.fi\/index.php\/wp-json\/wp\/v2\/pages\/19\/revisions\/374"}],"wp:attachment":[{"href":"https:\/\/laurapalonen.fi\/index.php\/wp-json\/wp\/v2\/media?parent=19"}],"curies":[{"name":"wp","href":"https:\/\/api.w.org\/{rel}","templated":true}]}}